e number?
False
Let y(j) = -2*j - 12. Let h = 40 + 5. Suppose -4*k = k + h. Is y(k) composite?
True
Let k = 3 - -9. Is k/(-2)*(-49)/21 a composite number?
True
Suppose -36 = -4*w + 2*d, -3*d - 38 = -w - 3*w. Let m = 13 + w. Is m a prime number?
False
Let n be (1/(-3))/((-2)/18). Suppose -4*w = -n*w - 119. Is w a composite number?
True
Suppose -2*c - 6 = -3*c. Is 21 + (-7)/(21/c) a prime number?
True
Let x(b) = -7*b + 14. Let p be x(-14). Suppose 244 + p = 4*y. Is y prime?
True
Suppose 0 = -2*v - 3*r + 2, 5*v = 5*r + 17 + 13. Suppose -4*o = v - 0, -2*u - 3*o = -107. Is u composite?
True
Let j(b) = -b + 3 + b - 4*b. Let z(q) = 2*q + 7. Let x be z(-7). Is j(x) a composite number?
False
Let y = 3675 - 2588. Is y a prime number?
True
Suppose -5*b + 3852 - 91 = -u, -8 = -2*u. Is b prime?
False
Let b = 214 + 115. Is b a composite number?
True
Suppose -3*m - m + 748 = 0. Let t = m + 16. Is t composite?
True
Let c = 9 + -7. Suppose -4*l + 2*l + c = 0. Suppose l = -4*y - m + 23, -y + 12 = -3*m. Is y a composite number?
True
Let f(p) = p**2 - 1. Let q be f(2). Let t(w) = 3 - w**2 - 3*w + 8*w**q + w + 2*w**2. Is t(2) a prime number?
True
Suppose 4*v - 706 = -b, v - 2*b - 2*b - 185 = 0. Is v composite?
True
Let m = -1 - -3. Let f(t) = 34*t - 3. Is f(m) prime?
False
Let p(c) = -c**2 + 4*c + 5. Let k be p(4). Suppose -k*y + 9*y = 868. Is y a composite number?
True
Let t = -1 - -6. Suppose 0 = 3*m + 4*a - 1020, 3*a = -t*m + 4*a + 1700. Is ((-6)/(-4))/(15/m) a prime number?
False
Let u(f) = -f**3 + 5*f**2 + 5*f - 1. Let o be u(6). Let w be (o + 6)*-1*1. Is (-68)/(1/(-1)) + w prime?
False
Suppose 65 - 2741 = -4*w. Is w a prime number?
False
Let s(g) = -2*g - 6. Let b be s(-4). Suppose -5*j + 327 = 2*a, -3*j + j + b*a = -142. Is j a composite number?
False
Suppose 0 = -3*k + z + 385, 0 + 137 = k + 4*z. Is ((k - -1) + 1)/1 a composite number?
False
Let a(b) = -1 - 5*b**3 + b**3 + 0*b - 3*b. Is a(-2) prime?
True
Let g = 3 + -2. Suppose 2 - g = v. Let q(u) = 50*u - 1. Is q(v) a composite number?
True
Let q(c) = -2*c**3 + 4*c**2 + c - 6. Is q(-5) a composite number?
True
Suppose c - 9 = -2*c. Is -31*(-4 + c) + 0 a prime number?
True
Let b = -204 - -321. Suppose 0 = -3*z + b + 645. Is z a composite number?
True
Let f be (-64)/(-10) + (-4)/10. Is (-1)/3 - (-320)/f a composite number?
False
Let m = -106 - -229. Suppose -2*r = -299 - 185. Let h = r - m. Is h prime?
False
Let s(d) be the third derivative of d**5/12 - 5*d**4/24 - d**3/2 - 2*d**2. Suppose -2*h = 3*h - 20. Is s(h) prime?
False
Let q = -3 - -5. Let x be 27/5 - q/5. Is 192/15 - (-1)/x a composite number?
False
Suppose -a - a = 0. Suppose -x - 63 + 360 = 0. Suppose a = -4*q + 443 + x. Is q composite?
True
Is (4/(-10))/(1*(-1)/5) composite?
False
Let q be (0 - (2 - 5)) + -9. Is (-2)/6 + (-584)/q a composite number?
False
Suppose -3*l + 7*l - 2012 = 0. Is l prime?
True
Suppose 106 + 56 = -2*a. Let j = 140 + a. Is j prime?
True
Suppose -p = 3*p + 12. Is -3 + 421 + (p - -4) prime?
True
Suppose 0 = 2*v + 5*h - 205, 0 = v + 3*v + 4*h - 440. Is v composite?
True
Suppose 3*n = 5*n - u - 751, 5*n - 1860 = -u. Is n prime?
True
Let q = 14 - 9. Suppose -2*h - 177 = -q*h. Suppose -4*a - h = -191. Is a composite?
True
Suppose 0 = -10*g + 6*g + 1780. Is g prime?
False
Let q(i) = -i**3 + 8*i**2 + 16*i - 4. Is q(7) a composite number?
False
Suppose -321 = 4*b - 1529. Is b a prime number?
False
Let r(l) = l**3 + 5*l**2 - l - 6. Let w be r(6). Suppose 4*q - w = -n, 5*n + 4*q - 245 = 1643. Is 1/5 - n/(-20) a composite number?
False
Let h be (-3)/(-2)*1*12. Let q = -1 - 6. Let m = h + q. Is m a composite number?
False
Let l = -9 + 13. Is (-1 + l - -11)/1 composite?
True
Let t(w) = w**3 + 11*w**2 + 12*w + 1. Is t(-8) composite?
False
Let h(x) = 5*x**3 - 4*x**2 + 5. Is h(8) composite?
False
Let b = 4 + -4. Suppose -13 = -b*n - n. Is n composite?
False
Suppose -3*q + 1254 = 3*u, 4*q - 2*u - 2*u - 1632 = 0. Is q prime?
False
Let z(t) = -7*t - 12. Let r be z(-2). Let a be 5*5*(-4)/10. Is (-328)/(-10) - r/a a composite number?
True
Suppose 0 = -5*y - 28 + 8. Let p(t) be the first derivative of -19*t**2/2 + 3*t - 1. Is p(y) composite?
False
Suppose -4*x = 2*x - 26874. Is x composite?
True
Suppose -4*t - 4*t + 11848 = 0. Is t composite?
False
Let b(t) = 20*t**2 + 19*t - 12. Is b(-9) composite?
True
Let i(z) be the first derivative of -z**3/3 - 3*z**2/2 - 3*z - 2. Let x be i(-3). Is 13/(-1)*x/1 prime?
False
Suppose -1226 = -6*w + 1048. Is w a prime number?
True
Let x = -85 + 37. Let w(o) = 18*o - 5. Let k be w(4). Let y = x + k. Is y a prime number?
True
Is (-1 - (-580)/(-16))*-4 a composite number?
False
Suppose 5*h - 2491 = m + 2*m, 0 = -2*h + m + 996. Is h a prime number?
False
Suppose 5*y + 2*l - 167 = l, 2*l = -y + 37. Let a = y + -18. Is a a prime number?
False
Let b = -22 + 99. Is b composite?
True
Let z(q) = q**3 + 5*q**2 - q + 6. Let k be z(-6). Let m = k + 55. Is m a prime number?
True
Let x(s) = -s**2 + 5*s - 2. Let b be x(4). Let w(c) = 7 - c**b - 4*c - c + 1 - 1. Is w(-5) prime?
True
Let a be (-15)/(-10) + (-1)/2. Let t be 4 - (-4)/(a*-2). Suppose 6*p - b = 2*p + 142, t*p - 72 = b. Is p composite?
True
Is 4/6 + 19156/12 composite?
False
Let n(w) = w**2 - 6*w - 10. Is n(-15) prime?
False
Suppose -2*n = 2*r - 208, 0*r = -2*r - 4*n + 206. Let u = -52 + r. Is u a composite number?
False
Let r be ((0 + -65)*-1)/1. Suppose -2*j = 21 - r. Is j prime?
False
Let c(h) = h - 7. Let q be c(9). Let a be (-262)/6 + q/3. Let s = a - -90. Is s composite?
False
Let k(y) = y**3 - 19*y**2 - 24*y + 31. Is k(21) a composite number?
False
Let c = 41 - 19. Suppose 9 = 3*t, -3*s + 2*s - t + c = 0. Is s composite?
False
Let k = -6 - -6. Let i(f) = f**3 - f**2 - f + 5. Let u be i(k). Suppose -5*x - 400 = -u*s, -s - x + 74 = -0*s. Is s prime?
False
Suppose 3*l - 3*x - 24 = -6*x, -l + 5*x - 16 = 0. Is l/14 + (-9428)/(-28) prime?
True
Is (-4)/3*-3 - -515 a prime number?
False
Let r(a) = a**2 + 5*a + 14. Let z be r(-11). Suppose -z = 3*y - 2*f, -3*f = -2*y - 14 - 46. Is ((-3)/(-6))/((-2)/y) a prime number?
False
Suppose -2*h = -11 + 3, 2*k - 34 = h. Is k a prime number?
True
Suppose 5*j - 213 = 2*j. Let l = -34 + j. Is l prime?
True
Let w = -928 + 1581. Is w a prime number?
True
Let v = 309 - 98. Is v prime?
True
Let o(r) = 4*r**2 - 6*r + 8. Let g be o(-6). Let m be 2/6 + g/(-6). Is m/(-3) - 1/3 a composite number?
True
Let t = -130 - -1017. Is t a prime number?
True
Let o = -7 + 9. Is (o/6)/((-7)/(-210)) composite?
True
Suppose -j + 230 + 189 = -5*v, 2*v - 2041 = -5*j. Is j a composite number?
False
Suppose t - 3901 + 620 = 0. Is t prime?
False
Let j be ((-36)/(-21))/(2/63). Let z = -35 + j. Is z a composite number?
False
Let a be (0/(-3))/(3 + -1). Suppose a = 5*i + 5*c - 150, 3*i - 4*c - 59 - 17 = 0. Suppose 0*f - i = -2*f. Is f a prime number?
False
Let g = -13 + 29. Let c be ((-14)/3)/(g/(-24)). Is 1 + 0 - (-35 - c) a prime number?
True
Let h(i) be the second derivative of i**3/3 + 77*i**2/2 - 3*i. Is h(0) composite?
True
Let j(s) = s**2 + 5*s + 9. Suppose -4*v = 5*i + 29 + 7, 0 = -5*i. Let f be j(v). Suppose -w - 11 = -k - f, -w = -2*k - 33. Is w composite?
True
Is (-190)/(-6) - (-10)/(-15) prime?
True
Let c = 9 - 6. Suppose 4*z + 9*g = 4*g + 7, -5*g - 14 = -c*z. Suppose z*y = y + 6. Is y prime?
True
Let g = -1 + 7. Suppose -g*m = -2*m + 4*v - 196, 4*v = 12. Is m a prime number?
False
Suppose 3*z + 12 = 0, -5*b - 2 = -z - 6. Suppose 0 = -2*q + 4, l + b*l + q - 69 = 0. Is l prime?
True
Suppose 0 = 4*w - 8, 389 - 2867 = -4*r - w. Is r a composite number?
False
Let j(h) = -2*h - 4. Let z be j(-3). Is (12/(-15))/(z/(-115)) composite?
True
Suppose -l + 156 = -101. Is l a prime number?
True
Suppose 0*k + 955 = 5*k. Is k a prime number?
True
Let h = -207 - -356. Suppose -f + 2*f = h. Is f composite?
False
Is (-3 - (-1 - 3))*22 a prime number?
False
Let x be (-5)/(2/(3 - 5)). Suppose o - 4*d = x*o - 476, 4*o + d = 488. Is o prime?
False
Suppose -4*g = -6 - 6, -i - 4*g = -14. Is i + (-2 - 1) - -146 composite?
True
Let x = -3 - -3. Suppose -3*t - t = x. Suppose t = m + 2*m - 105. Is m a prime number?
False
Is (-7)/(-21) + (-2284)/(-6) composite?
True
Suppose 2*g + 0*g - 8 = c, -19 = 5*c - 3*g. Let f = c + 2. Suppose f = -0*j + 2*j - 30. Is j composite?
Tr